{"id":524,"date":"2022-02-21T10:49:06","date_gmt":"2022-02-21T09:49:06","guid":{"rendered":"http:\/\/kerampont.com\/?page_id=524"},"modified":"2022-06-08T22:13:06","modified_gmt":"2022-06-08T20:13:06","slug":"soft","status":"publish","type":"page","link":"https:\/\/kerampont.com\/index.php\/soft\/","title":{"rendered":"SOFTS"},"content":{"rendered":"<h1><strong>Nos boissons sans alcool<\/strong><\/h1>\n<p>D\u00e9couvrez tr\u00e8s bient\u00f4t ces boissons p\u00e9tillantes \u00e0 base de gingembre ou de houblon dans notre brasserie et chez nos revendeurs.<\/p>\n<p><img loading=\"lazy\" class=\"aligncenter size-medium wp-image-622\" src=\"http:\/\/kerampont.com\/wp-content\/uploads\/2022\/02\/IMG_7799-300x225.jpg\" alt=\"\" width=\"300\" height=\"225\" srcset=\"https:\/\/kerampont.com\/wp-content\/uploads\/2022\/02\/IMG_7799-300x225.jpg 300w, https:\/\/kerampont.com\/wp-content\/uploads\/2022\/02\/IMG_7799-768x576.jpg 768w, https:\/\/kerampont.com\/wp-content\/uploads\/2022\/02\/IMG_7799-1024x768.jpg 1024w\" sizes=\"(max-width: 300px) 100vw, 300px\" \/><\/p>\n<p>La Gingerette, boisson au gingembre, est actuellement en test et d\u00e9gustation \u00e0 la brasserie !<\/p>\n<p>Si vous souhaitez savoir quand ces boissons seront disponibles, nous vous invitons \u00e0 vous abonner \u00e0 la newsletter <a href=\"http:\/\/kerampont.com\/index.php\/contact\/\">ici<\/a>, pour ne louper aucune des nouveaut\u00e9s ou des \u00e9v\u00e8nements \u00e0 venir.<\/p>\n<h1><strong>Autres produits :<\/strong><\/h1>\n<p><strong>Vinaigre de bi\u00e8re<\/strong><\/p>\n<p><img loading=\"lazy\" class=\" wp-image-588 alignleft\" style=\"width: 180px;\" src=\"http:\/\/kerampont.com\/wp-content\/uploads\/2022\/02\/tempImagek96hXJ-e1645695213650-215x300.jpg\" alt=\"\" width=\"215\" height=\"251\" \/><br \/>\nNous proposons \u00e9galement du vinaigre de bi\u00e8re en bouteille de 50cl.<\/p>\n<p>Il s&rsquo;agit d&rsquo;une m\u00e8re de vinaigre de cidre nourrie aux bi\u00e8res de la brasserie.<\/p>\n<p>Ce vinaigre, \u00e0 la saveur tr\u00e8s l\u00e9g\u00e8rement malt\u00e9e, remplace ais\u00e9ment un vinaigre de cidre ou de vin dans vos salades et plats.<\/p>\n","protected":false},"excerpt":{"rendered":"<p>Nos boissons sans alcool D\u00e9couvrez tr\u00e8s bient\u00f4t ces boissons p\u00e9tillantes \u00e0 base de gingembre ou de houblon dans notre brasserie et chez nos revendeurs. La Gingerette, boisson au gingembre, est actuellement en test et d\u00e9gustation \u00e0 la brasserie ! Si vous souhaitez savoir quand ces boissons seront disponibles, nous vous invitons \u00e0 vous abonner \u00e0 &hellip; <\/p>\n<p class=\"link-more\"><a href=\"https:\/\/kerampont.com\/index.php\/soft\/\" class=\"more-link\">Continuer la lecture<span class=\"screen-reader-text\"> de &laquo;&nbsp;SOFTS&nbsp;&raquo;<\/span><\/a><\/p>\n","protected":false},"author":1,"featured_media":0,"parent":0,"menu_order":0,"comment_status":"closed","ping_status":"closed","template":"","meta":[],"_links":{"self":[{"href":"https:\/\/kerampont.com\/index.php\/wp-json\/wp\/v2\/pages\/524"}],"collection":[{"href":"https:\/\/kerampont.com\/index.php\/wp-json\/wp\/v2\/pages"}],"about":[{"href":"https:\/\/kerampont.com\/index.php\/wp-json\/wp\/v2\/types\/page"}],"author":[{"embeddable":true,"href":"https:\/\/kerampont.com\/index.php\/wp-json\/wp\/v2\/users\/1"}],"replies":[{"embeddable":true,"href":"https:\/\/kerampont.com\/index.php\/wp-json\/wp\/v2\/comments?post=524"}],"version-history":[{"count":19,"href":"https:\/\/kerampont.com\/index.php\/wp-json\/wp\/v2\/pages\/524\/revisions"}],"predecessor-version":[{"id":624,"href":"https:\/\/kerampont.com\/index.php\/wp-json\/wp\/v2\/pages\/524\/revisions\/624"}],"wp:attachment":[{"href":"https:\/\/kerampont.com\/index.php\/wp-json\/wp\/v2\/media?parent=524"}],"curies":[{"name":"wp","href":"https:\/\/api.w.org\/{rel}","templated":true}]}}